5?
True
Is 3005 a factor of 391275434?
False
Does 3443 divide 360633592?
True
Is 7 a factor of 415588312?
False
Is 32613939 a multiple of 867?
True
Does 37 divide 50537757?
False
Is 83 a factor of 1582962?
False
Is 10112149 a multiple of 386?
False
Is 1305 a factor of 55732635?
True
Is 804 a factor of 35475696?
True
Does 1096 divide 29211688?
True
Is 1325 a factor of 805628298?
False
Does 11 divide 900688360?
True
Is 222 a factor of 529363131?
False
Does 84 divide 1224414324?
True
Does 1067 divide 58056537?
True
Is 30 a factor of 6565662?
False
Does 6 divide 313068?
True
Does 1974 divide 96384370?
False
Is 5591663724 a multiple of 2340?
False
Does 44 divide 39046276?
False
Is 14379877 a multiple of 31?
True
Does 2 divide 958036?
True
Is 75 a factor of 3128872725?
True
Does 1621 divide 487759897?
False
Does 1496 divide 19787959?
False
Is 91102022 a multiple of 22?
True
Does 10 divide 130093797?
False
Is 871 a factor of 1447213442?
False
Is 6394686100 a multiple of 12562?
True
Is 415465485 a multiple of 535?
True
Is 279599639 a multiple of 37?
True
Is 3196 a factor of 178313595?
False
Does 1712 divide 328678320?
True
Does 1620 divide 2882300737?
False
Is 24 a factor of 86395560?
True
Does 45 divide 2906370?
True
Does 13 divide 5258097351?
True
Is 116540472 a multiple of 471?
True
Does 907 divide 359558966?
False
Does 5238 divide 211427009?
False
Is 1621 a factor of 321603158?
True
Is 707 a factor of 22038604?
True
Is 1686493916 a multiple of 11594?
False
Does 40 divide 12206560?
True
Is 1456400938 a multiple of 94?
True
Does 25 divide 177775208?
False
Is 1503059857 a multiple of 1829?
False
Is 352 a factor of 8807002?
False
Does 68 divide 6982362?
False
Is 741 a factor of 45820975?
False
Is 3846877457 a multiple of 72?
False
Is 7 a factor of 448348104?
False
Does 54 divide 24547541?
False
Is 1882309020 a multiple of 51?
True
Is 2865750 a multiple of 3?
True
Is 86653861 a multiple of 743?
True
Is 27 a factor of 41655789?
True
Is 428 a factor of 430739494?
False
Is 13 a factor of 15410356?
True
Is 1183723710 a multiple of 5317?
True
Is 481358536 a multiple of 192?
False
Does 74 divide 2095933652?
False
Is 35 a factor of 32748835?
True
Does 11933 divide 391831988?
True
Does 218 divide 985378748?
True
Is 612 a factor of 457968780?
True
Does 257 divide 4028032?
False
Is 16450917 a multiple of 681?
True
Does 13 divide 26575810?
False
Does 7 divide 188203?
False
Is 1212998898 a multiple of 369?
False
Does 1449 divide 96062175?
False
Is 34261778 a multiple of 1085?
False
Is 125069825 a multiple of 25?
True
Does 18 divide 22624921?
False
Is 124341534 a multiple of 18?
True
Is 7244220923 a multiple of 91?
False
Is 572679352 a multiple of 340?
False
Is 553 a factor of 1601333158?
False
Is 1085702696 a multiple of 116?
True
Does 655 divide 990054115?
True
Is 22600468 a multiple of 11?
True
Is 792 a factor of 1229215680?
True
Is 1579 a factor of 38399701?
True
Is 1178289714 a multiple of 1013?
False
Is 95470628 a multiple of 39?
False
Is 889 a factor of 49451514?
True
Is 19083275 a multiple of 14?
False
Is 316 a factor of 90303636?
True
Is 1231 a factor of 91815366?
True
Is 695055409 a multiple of 355?
False
Is 2148572790 a multiple of 630?
True
Does 12 divide 15352337?
False
Is 28895677 a multiple of 232?
False
Does 8 divide 678256?
True
Is 7 a factor of 1404180000?
False
Does 168 divide 88134816?
True
Is 22055278 a multiple of 679?
True
Is 600 a factor of 46966774?
False
Is 6 a factor of 756726442?
False
Is 3477067956 a multiple of 571?
True
Is 133657467 a multiple of 6731?
True
Is 8379598 a multiple of 776?
False
Is 2034749456 a multiple of 188?
False
Does 261 divide 1813669425?
True
Is 287495312 a multiple of 16?
True
Is 82205546 a multiple of 17?
False
Is 5 a factor of 792905?
True
Does 25 divide 9042198?
False
Is 183635655 a multiple of 15?
True
Does 680 divide 18624520?
True
Is 4076814804 a multiple of 354?
True
Is 37 a factor of 264018606?
True
Is 86 a factor of 10810062?
False
Is 1296319664 a multiple of 16?
True
Is 78696836 a multiple of 29?
True
Is 53880638 a multiple of 207?
False
Is 182728555 a multiple of 15?
False
Is 336 a factor of 550845762?
False
Is 31998041 a multiple of 5?
False
Does 2346 divide 37134834?
True
Is 15394868 a multiple of 129?
False
Is 5848 a factor of 1323674110?
False
Is 3 a factor of 9569249?
False
Does 18 divide 8498124?
True
Is 359304360 a multiple of 4728?
True
Is 46738516 a multiple of 39?
False
Is 4486 a factor of 405713840?
True
Is 1906800277 a multiple of 6710?
False
Does 16 divide 215825235?
False
Is 3293553 a multiple of 77?
False
Is 8 a factor of 2060425604?
False
Is 2665297980 a multiple of 21?
False
Is 999 a factor of 95110794?
True
Does 14 divide 80401832?
True
Is 74 a factor of 661682766?
True
Is 237045096 a multiple of 72?
True
Does 355 divide 147926725?
True
Is 46684873 a multiple of 41?
False
Is 947122 a multiple of 4?
False
Is 24 a factor of 263834808?
True
Is 5869 a factor of 307532225?
False
Is 309 a factor of 35141643?
True
Is 7 a factor of 49455619?
False
Is 147549050 a multiple of 275?
True
Is 608520814 a multiple of 6093?
False
Is 12250783 a multiple of 3?
False
Is 2075983 a multiple of 65?
False
Is 316849001 a multiple of 7?
True
Does 2165 divide 1248481143?
False
Is 9 a factor of 109999057?
False
Does 52 divide 18815032?
False
Is 94 a factor of 63418886?
True
Is 115 a factor of 610734410?
True
Is 9614664 a multiple of 24?
True
Is 41 a factor of 563697893?
False
Is 23 a factor of 76230769?
False
Is 2870 a factor of 184781843?
False
Is 16492285 a multiple of 1167?
False
Is 103738760 a multiple of 2045?
True
Does 41 divide 22583793?
False
Does 10 divide 2911402354?
False
Does 410 divide 15422560?
True
Is 701 a factor of 1423382887?
False
Does 701 divide 684441679?
True
Is 20491182 a multiple of 534?
True
Is 20967350 a multiple of 18?
False
Is 104 a factor of 120177227?
False
Does 252 divide 22137163?
False
Does 111 divide 280638901?
False
Is 1109 a factor of 345606542?
True
Is 1332674197 a multiple of 2385?
False
Does 2556 divide 345408334?
False
Is 92 a factor of 58580356?
True
Is 13 a factor of 217395713?
False
Is 47 a factor of 1586079443?
False
Does 1203 divide 54387904?
False
Does 194 divide 350470138?
False
Does 63 divide 60609087?
True
Is 15 a factor of 579708975?
True
Is 95891329 a multiple of 10?
False
Is 16 a factor of 787507876?
False
Is 112 a factor of 74089568?
True
Does 2042 divide 1924766738?
True
Does 13 divide 3213210?
True
Is 105769929 a multiple of 46?
False
Is 19 a factor of 229791263?
True
Is 12 a factor of 119181516?
True
Is 240 a factor of 765546147?
False
Is 10308580 a multiple of 10?
True
Is 32 a factor of 3407728?
False
Does 11 divide 34747781?
False
Does 8306 divide 656915734?
False
Does 19 divide 251275532?
True
Is 1238 a factor of 65670948?
True
Does 982 divide 48595252?
True
Does 7 divide 9225874?
True
Does 4216 divide 4715123808?
True
Is 139 a factor of 19330636?
False
Does 1743 divide 61776116?
False
Does 172 divide 400450916?
True
Does 49 divide 13718138?
True
Is 946 a factor of 5491722?
False
Is 119309640 a multiple of 292?
False
Does 207 divide 80818596?
True
Is 200 a factor of 629429400?
True
Is 32 a factor of 471327352?
False
Is 827284 a multiple of 22?
False
Does 37 divide 34326750?
True
Is 2317022320 a multiple of 20?
True
Is 4481 a factor of 2505856978?
False
Is 115861810 a multiple of 46?
True
Does 60 divide 14690268?
False
Is 87 a factor of 29517190?
False
Does 89 divide 116847833?
True
Is 20 a factor of 2915501860?
True
Is 120579447 a multiple of 14?
False
Is 979 a factor of 119753238?
True
Does 3033 divide 1850035730?
False
Does 117 divide 473499?
True
Does 144 divide 114614640?
True
Is 251102 a multiple of 25?
False
Is 1854417331 a multiple of 128?
False
Is 288212022 a multiple of 127?
True
Does 505 divide 387169250?
False
Does 484 divide 419531200?
True
Is 38 a factor of 687754020?
True
Is 9341712 a multiple of 31?
False
Does 84 divide 186081560?
False
Is 6 a factor of 134568960?
True
Does 68 divide 519249088?
True
Is 155 a factor of 24296095?
True
Does 1165 divide 670259443?
False
Is 84 a factor of 8100922?
False
Is 13 a factor of 145416175?
False
Is 3 a factor of 4846701?
True
Is 2536061 a multiple of 671?
False
Does 55 divide 14075160?
True
Does 